le of 25?
False
Is 2340 a multiple of 30?
True
Is 1205 a multiple of 22?
False
Is 9787 a multiple of 8?
False
Is 6 a factor of 188?
False
Is 61 a factor of 559?
False
Does 57 divide 18411?
True
Is 10 a factor of 182?
False
Is 18112 a multiple of 32?
True
Does 8 divide 568?
True
Is 8 a factor of 1749?
False
Is 33 a factor of 3960?
True
Is 598 a multiple of 75?
False
Is 2278 a multiple of 34?
True
Does 31 divide 1333?
True
Is 3 a factor of 184?
False
Is 307 a multiple of 33?
False
Is 5 a factor of 495?
True
Is 172 a multiple of 2?
True
Is 11560 a multiple of 17?
True
Is 3 a factor of 954?
True
Is 12 a factor of 1041?
False
Is 135 a multiple of 15?
True
Does 5 divide 475?
True
Is 31140 a multiple of 15?
True
Is 135 a factor of 17370?
False
Does 12 divide 17938?
False
Is 43 a factor of 215?
True
Is 247 a multiple of 19?
True
Is 31787 a multiple of 239?
True
Does 4 divide 14?
False
Is 2 a factor of 23?
False
Is 2 a factor of 1945?
False
Is 14349 a multiple of 25?
False
Is 240 a multiple of 14?
False
Is 5175 a multiple of 63?
False
Is 46 a factor of 134925?
False
Does 30 divide 570?
True
Is 29073 a multiple of 30?
False
Is 23018 a multiple of 11?
False
Is 900 a multiple of 30?
True
Is 2938 a multiple of 26?
True
Does 5 divide 600?
True
Does 5 divide 3215?
True
Is 1184 a multiple of 8?
True
Does 30 divide 2130?
True
Does 108 divide 26053?
False
Is 14 a factor of 27918?
False
Does 13 divide 1361?
False
Is 15 a factor of 1088?
False
Is 2 a factor of 110?
True
Is 5 a factor of 252?
False
Is 40 a factor of 66739?
False
Is 35 a factor of 945?
True
Is 62 a factor of 6273?
False
Does 43 divide 20597?
True
Does 4 divide 103?
False
Does 48 divide 21323?
False
Does 34 divide 105196?
True
Is 99 a factor of 990?
True
Is 990 a multiple of 10?
True
Is 327 a factor of 28449?
True
Does 17 divide 40647?
True
Is 146 a factor of 5110?
True
Is 8 a factor of 672?
True
Does 14 divide 21225?
False
Is 4719 a multiple of 2?
False
Is 19 a factor of 1325?
False
Is 17434 a multiple of 23?
True
Is 212 a multiple of 4?
True
Is 13 a factor of 14883?
False
Is 22002 a multiple of 334?
False
Is 84 a factor of 14280?
True
Is 8 a factor of 1669?
False
Does 43 divide 1295?
False
Is 663 a multiple of 36?
False
Does 34 divide 40698?
True
Does 2 divide 252?
True
Does 14 divide 68?
False
Is 37 a factor of 47301?
False
Is 6 a factor of 413?
False
Is 12 a factor of 780?
True
Is 3766 a multiple of 37?
False
Does 99 divide 19073?
False
Is 22 a factor of 16618?
False
Is 31 a factor of 35048?
False
Is 1100 a multiple of 27?
False
Does 24 divide 384?
True
Does 13 divide 128?
False
Does 135 divide 1485?
True
Is 9 a factor of 11448?
True
Does 46 divide 2208?
True
Is 7 a factor of 4683?
True
Does 34 divide 4405?
False
Is 8649 a multiple of 31?
True
Is 20 a factor of 340?
True
Is 139300 a multiple of 14?
True
Is 1482 a multiple of 38?
True
Is 66 a factor of 5843?
False
Is 8706 a multiple of 141?
False
Is 11 a factor of 497?
False
Is 102 a factor of 3570?
True
Is 26 a factor of 296?
False
Is 121 a factor of 13253?
False
Is 75 a factor of 56953?
False
Does 15 divide 23385?
True
Is 100 a multiple of 20?
True
Does 15 divide 1555?
False
Is 6178 a multiple of 67?
False
Does 50 divide 100?
True
Does 16 divide 635?
False
Does 20 divide 188?
False
Does 9 divide 710?
False
Is 240 a multiple of 16?
True
Does 95 divide 29640?
True
Does 72 divide 200?
False
Is 5 a factor of 3460?
True
Is 33 a factor of 4609?
False
Does 29 divide 38998?
False
Is 3488 a multiple of 64?
False
Does 8 divide 15467?
False
Is 636 a multiple of 53?
True
Is 25562 a multiple of 103?
False
Is 12 a factor of 1392?
True
Is 16 a factor of 923?
False
Is 2055 a multiple of 8?
False
Is 5074 a multiple of 86?
True
Is 2 a factor of 71?
False
Is 12 a factor of 6229?
False
Does 12 divide 2328?
True
Is 43 a factor of 291?
False
Does 22 divide 1565?
False
Is 16944 a multiple of 74?
False
Is 51 a multiple of 6?
False
Does 147 divide 84462?
False
Is 2342 a multiple of 45?
False
Is 4 a factor of 645?
False
Is 1320 a multiple of 8?
True
Is 1370 a multiple of 11?
False
Is 59625 a multiple of 83?
False
Is 396 a multiple of 12?
True
Does 4 divide 265?
False
Does 7 divide 17951?
False
Is 26579 a multiple of 154?
False
Does 20 divide 280?
True
Is 4 a factor of 1296?
True
Does 39 divide 4602?
True
Does 98 divide 544?
False
Is 1170 a multiple of 90?
True
Is 422 a multiple of 31?
False
Does 14 divide 6104?
True
Is 3725 a multiple of 135?
False
Is 4 a factor of 117?
False
Is 13 a factor of 312?
True
Is 544 a multiple of 81?
False
Does 14 divide 11851?
False
Is 7404 a multiple of 12?
True
Is 12 a factor of 1409?
False
Does 34 divide 1131?
False
Does 64 divide 16704?
True
Does 107 divide 1819?
True
Does 45 divide 2475?
True
Is 5 a factor of 30?
True
Is 1407 a multiple of 13?
False
Does 16 divide 58617?
False
Is 14567 a multiple of 2?
False
Is 12 a factor of 101323?
False
Does 3 divide 3051?
True
Is 420 a multiple of 42?
True
Does 2 divide 300?
True
Is 1319 a multiple of 45?
False
Is 56160 a multiple of 208?
True
Is 19 a factor of 58685?
False
Is 4 a factor of 2392?
True
Is 30 a multiple of 2?
True
Is 89 a factor of 319?
False
Does 6 divide 3879?
False
Is 4076 a multiple of 36?
False
Is 59 a factor of 44681?
False
Does 35 divide 19110?
True
Is 2778 a multiple of 163?
False
Does 33 divide 4846?
False
Is 14 a factor of 22170?
False
Is 204 a multiple of 51?
True
Is 5 a factor of 591?
False
Does 57 divide 2433?
False
Is 91 a multiple of 7?
True
Is 32702 a multiple of 37?
False
Is 7 a factor of 95?
False
Is 440 a multiple of 8?
True
Is 18959 a multiple of 10?
False
Does 77 divide 1200?
False
Is 176 a multiple of 47?
False
Is 22 a factor of 11241?
False
Is 7 a factor of 231?
True
Is 120 a factor of 913?
False
Is 102 a factor of 1569?
False
Is 13 a factor of 859?
False
Does 9 divide 846?
True
Is 10695 a multiple of 12?
False
Does 7 divide 1149?
False
Does 27 divide 848?
False
Does 8 divide 816?
True
Does 11 divide 99?
True
Does 26 divide 21476?
True
Does 33 divide 2904?
True
Is 34 a factor of 918?
True
Is 2 a factor of 9113?
False
Does 11 divide 379?
False
Is 462 a multiple of 14?
True
Is 21 a factor of 593?
False
Is 15 a factor of 339?
False
Is 8100 a multiple of 91?
False
Is 5904 a multiple of 59?
False
Is 2874 a multiple of 6?
True
Does 168 divide 78792?
True
Is 3038 a multiple of 49?
True
Does 22 divide 51052?
False
Does 20 divide 3501?
False
Is 1060 a multiple of 20?
True
Is 520 a multiple of 130?
True
Is 20 a factor of 13850?
False
Is 9173 a multiple of 17?
False
Is 30 a factor of 4824?
False
Is 1735 a multiple of 7?
False
Is 361 a multiple of 19?
True
Is 2 a factor of 108?
True
Does 21 divide 1403?
False
Does 4 divide 964?
True
Is 77 a factor of 1155?
True
Is 30524 a multiple of 52?
True
Does 36 divide 3420?
True
Is 33 a factor of 1056?
True
Is 605 a multiple of 11?
True
Does 36 divide 1432?
False
Is 11547 a multiple of 100?
False
Is 5487 a multiple of 36?
False
Does 16 divide 11418?
False
Does 79 divide 18500?
False
Does 8 divide 456?
True
Does 76 divide 2883?
False
Is 22846 a multiple of 178?
False
Does 46 divide 1974?
False
Is 414 a multiple of 2?
True
Does 81 divide 10979?
False
Is 44 a factor of 6128?
False
Is 31948 a multiple of 196?
True
Does 5 divide 4834?
False
Is 447 a multiple of 2?
False
Is 139 a factor of 61021?
True
Does 60 divide 240?
True
Does 17 divide 2788?
True
Is 268 a multiple of 6?
False
Is 37700 a multiple of 13?
True
Does 8 divide 100644?
False
Does 11 divide 341?
True
Is 13 a factor of 2301?
True
Does 26 divide 4394?
True
Does 5 divide 121?
False
Is 61 a factor of 1519?
False
Is 13126 a multiple of 42?
False
Is 86 a factor of 738?
False
Is 4 a factor of 361?
False
Is 156 a multiple of 12?
True
Is 2196 a multiple of 36?
True
Does 26 divide 297?
False
Is 10 a factor of 7470?
True
Is 54519 a multiple of 17?
True
Does 21 divide 21400?
False
Is 12745 a multiple of 21?
False
Does 10 divide 1314?
False
Is 7368 a multiple of 6?
True
Is 659 a multiple of 10?
False
Does 76 divide 3268?
True
Does 8 divide 14?
False
Does 14 divide 112?
True
Is 36087 a multiple of 23?
True
Does 17 divide 2531?
False
Is 261 a multiple of 24?
False
Does 26 divide 844?
False
Is 44 a multiple of 30?
False
Is 3003 a multiple of 21?
True
Does 31 divide 1099?
False
Does 14 di